6 + (-659)/(-6)?
108
Suppose 38*t + 116 = 40*t. Let p = t - 56. Calculate the remainder when 158 is divided by 3/(15/p) - 9322/(-295).
30
Let c = 30 + -11. Suppose -2*q - 3*x + 120 = 0, -27*q = -26*q + x - 57. Calculate the remainder when q is divided by c.
13
Suppose 120 - 20 = -4*h. Suppose -151 = 2*m + 172 - 349. Calculate the remainder when -3 - (h - (-2)/2) is divided by m.
8
Let d(t) = t**2 + 5*t + 16. Let l be d(8). Let c be l/21 - (-14)/49. Suppose c*o = 9*o - 51. What is the remainder when o is divided by 6?
5
What is the remainder when 32 - (-27 - 1)*(-16 + (-845)/(-52)) is divided by 716/20 + (-4)/(-20)?
3
Suppose -54*t = -58*t + 12. Suppose t*k = -5*p + 1214 + 1316, -4*k + 489 = p. What is the remainder when p is divided by 10?
9
Suppose 0*f + y + 45 = f, f - 5*y = 25. Let x = -31 + f. Suppose -x = -5*d + 16. Calculate the remainder when 11 is divided by d.
4
Let s be 3003/15 + (-7)/35. Suppose -3*h = 9, -v + 5*h = 4*v - s. Calculate the remainder when 108 is divided by v.
34
Let h be (64/(-12) + 5)/(3/(-153)). Let c = 50 - h. Calculate the remainder when c is divided by 20.
13
Suppose 6*s = -0*s + 24. Suppose 5*v - 25 = 0, -4*v + 187 = s*t + 59. Let l(k) = 14*k**3 + 2*k**2 - 1. What is the remainder when t is divided by l(1)?
12
Suppose 23*n = -739 - 1239. Let g = 160 + n. Calculate the remainder when g is divided by 11.
8
Let b be 3 + 1 + -2 + 1. Let f(s) = -s**3 + 41*s**2 + 43*s - 35. What is the remainder when f(42) is divided by 2/b*21/2?
0
Let r(s) = 2*s + 43. Let y be r(-19). Suppose 0 = -4*d - 4*n + 72, -36 = -d - d - y*n. What is the remainder when 107 is divided by d?
17
Suppose -3*p + 631 + 782 = 3*r, -5*r = -p - 2367. Calculate the remainder when r is divided by 121.
110
Let u(f) = 8*f**2 + 24*f - 63. What is the remainder when 121 is divided by u(2)?
2
Calculate the remainder when 90 is divided by 77 - 63 - (2 + 0)*1.
6
Let k be ((-30)/25)/((-9)/(-45)). What is the remainder when 3*k/12*-132 is divided by 20?
18
Let f(q) = -q**3 + 4*q**2 + 7*q - 5. Let w(g) = 3*g + 34. Let t be w(-10). What is the remainder when f(t) is divided by 7?
2
Suppose 30*d - 1683 = 21*d. Calculate the remainder when d is divided by (-3)/6*-6 - -24.
25
What is the remainder when 2/((551/79 + -7)/(-1)) is divided by 71?
8
Suppose -13 = -2*j + 93. Let b(r) = 8*r - 85. Calculate the remainder when j is divided by b(12).
9
Calculate the remainder when (6/10)/((-23)/115) - (-2068 + 1) is divided by 207.
201
Let d(f) = 14*f + 70. Let c be d(-5). Calculate the remainder when 6 - (c + 4) - -655 is divided by 66.
63
Let k = 39 + -1. Let s = 37 - k. Calculate the remainder when 15 is divided by (-5 + 13)*(s - -2).
7
Let f(c) = -c**3 + 11*c**2 + 25*c - 24. Calculate the remainder when f(10) is divided by 77.
18
Suppose -2*o - 4*g + 348 = 36, -4*g = o - 164. What is the remainder when o is divided by 126?
22
Let z be (-24)/(-108) - (-1 + 12848/(-18)). Suppose z = -10*k + 2385. Calculate the remainder when k is divided by 28.
27
Suppose -4*d + 6484 = 2092. Suppose -47*s + d = -29*s. What is the remainder when s is divided by 32?
29
Suppose 0 = -5*n - 12 - 13, -g + 4*n + 27 = 0. Suppose 0 = u + 4*f - 511, -4*u + f = -g*u + 1478. What is the remainder when u is divided by 13?
10
Let a(i) = 12*i - 11. Let v(c) = c**3 + 5*c**2 + 5*c + 12. Let p be v(-5). Let h = p - -26. Calculate the remainder when a(5) is divided by h.
10
Suppose 0*d - 152 = -4*d. Let s = -39 + d. Let x = 33 + s. What is the remainder when x is divided by 7?
4
Let n(t) = 34*t**2 + 148*t - 67. Calculate the remainder when n(-6) is divided by 58.
37
Suppose 2*c - 4*y - 226 = 0, -121 = c - 2*c + 4*y. Suppose -t + b = -2*b - c, 5*b + 5 = 0. Let n = 63 - 28. What is the remainder when t is divided by n?
32
Let d = -19846 - -32260. What is the remainder when d is divided by 14?
10
Let x = -11978 + 12519. Calculate the remainder when x is divided by 55.
46
Let j = 23108 + -19770. Calculate the remainder when j is divided by 7.
6
Suppose -v - 4*v = 2*h - 18, 2*h + v = 26. Suppose 0 = -5*u + h + 96. Suppose -122*n + 3108 = -164*n + 79*n. What is the remainder when n is divided by u?
18
Let u(y) = 4*y**2 + 51*y + 176. Calculate the remainder when 184 is divided by u(-5).
16
Suppose 14 - 37 = -x. Let b = x - 19. Suppose 3*v + 5*l = 113, 148 + 12 = b*v + 2*l. Calculate the remainder when v is divided by 23.
18
What is the remainder when 1 + 11 - (-604534)/(-38 - -67) is divided by 140?
138
Let j(b) = -b**2 + 27*b - 25. Let n be j(30). Let p = 140 + n. Let k = p + -19. Calculate the remainder when 8 is divided by k.
2
Let z(r) = 21*r**2 - 601*r - 118. Calculate the remainder when 695 is divided by z(29).
11
Suppose 0 = -9*u + 6*u. Let n be 34/(-85) - (u - (-27)/(-5)). Suppose n*f + 3*c = 52, 5*f - c - 76 = -20. Calculate the remainder when 21 is divided by f.
10
Let z be (22072/12)/1 - 10/(-15). Calculate the remainder when (12/10)/(5 + (-9176)/z) is divided by 12.
8
Suppose 4*c + 737 = 757. Suppose 0 = -3*n + 4*z + 725, -2*z - 1185 = c*n - 10*n. Calculate the remainder when n is divided by 48.
43
Suppose 0 = 3*c + c - 28. Let g be ((-14)/(-1))/((9 + 29)/(-19)). Calculate the remainder when (-1)/g - ((-152)/(-133) - 13) is divided by c.
5
Suppose -192*k + 149 = -191*k. Let u = k - 144. Calculate the remainder when 7 is divided by u.
2
Let u = 9502 - 9426. What is the remainder when 998 is divided by u?
10
Let p be ((-4)/(-12))/(3/((-108)/(-4))). Suppose 4*g + p*y - 182 = y, 0 = -5*g + y + 238. Calculate the remainder when 88 is divided by g.
41
Let j be ((-2)/5)/((-2)/5). Suppose 39 = 4*p - j. Let l = 28851 + -28802. What is the remainder when l is divided by p?
9
Let d = -276 + 182. Suppose -31 = -o + 13. What is the remainder when 1*(-4 - d) + -4 is divided by o?
42
Let x = -8438 - -8524. Calculate the remainder when x is divided by 23.
17
Suppose 27*p + 875 = 22*p. Let j be (-10)/(-3)*30/p*-7. Calculate the remainder when (-56)/(-2) + j/((-20)/15) is divided by 13.
12
Suppose -81*a + 12*a + 22680 = 39*a. What is the remainder when a is divided by 158?
52
Suppose 2*z = -8, 2*k + 5*z = -k + 58. Let f = 33 - k. Calculate the remainder when 91 is divided by ((-94)/2)/(6 - f).
44
Suppose 0 = 14*t + 12 - 68. Suppose 0 = -a + 2*o - 0 - 3, t*a - 33 = -o. What is the remainder when 8 is divided by a?
1
Let a = 10374 - 10251. Calculate the remainder when 984 is divided by a.
0
Suppose 0 = -5*u - 55 + 210. Let s(m) = m**2 - 3*m + 9. Let l be s(6). Let n = u - l. What is the remainder when 11 is divided by n?
3
Let j be 1/(-2)*(-5 - 1). Suppose q + j = 0, x + 0*x + 6 = -4*q. Let o(i) = -38*i - 445. Calculate the remainder when o(-12) is divided by x.
5
Let j = 314 - 77. Suppose -j = -11*q + 357. Calculate the remainder when q is divided by 14.
12
Suppose 246 = 5*o + 3*z, 42 = -5*o + 6*o + 3*z. What is the remainder when 508 is divided by o?
49
Let a(d) = 1300*d + 8830. What is the remainder when a(-6) is divided by 210?
190
Let y be 1/((-7)/(-21)*3/27). What is the remainder when (-3)/(y/(-1035)*10/4) is divided by 16?
14
Let o(m) = 22*m + 32. Let l be o(-30). Let v = l - -853. Calculate the remainder when v is divided by 80.
65
Let v be 8/6 + (-12)/(144/(-20)). Suppose 15*t - 107 = 14*t + 3*b, -t = v*b - 125. Calculate the remainder when t is divided by 37.
5
Suppose 4*o + o = 405. Let i = -46 + 50. Suppose -i*d + 47 = k + d, -k + 5*d = 3. Calculate the remainder when o is divided by k.
15
Let u be (27/(-6))/(1/(-10)). Let n = 49 + u. What is the remainder when n is divided by 42?
10
Let i(a) = 66*a**2 - 2*a. Calculate the remainder when 1358 is divided by i(-1).
66
What is the remainder when 1219 is divided by ((-151)/(-4))/(268/1072)?
11
Let y = 24 - 20. Suppose y*u = -a + 154, 6*a + 156 = 7*a + 2*u. What is the remainder when a is divided by 23?
20
Let z(n) = 2*n + 2. Let m be z(-5). What is the remainder when 163 is divided by 4*-14*m/(-32)*-2?
23
Let p = -3791 - -7564. What is the remainder when p is divided by 34?
33
Calculate the remainder when 2418 is divided by (56280/5159)/((-2)/(-110)).
18
Let a = 18 + 35. Suppose 28 = 2*c + 15*i - 17*i, -56 = -4*c - i. Calculate the remainder when a is divided by c.
11
Calculate the remainder when -1*(-2 + 2 + -5) - (-144)/3 is divided by (0 + -6)/((-4)/6).
8
Let